520 and 4.
4
Calculate the greatest common factor of 2038 and 2.
2
What is the highest common divisor of 8555 and 145?
145
What is the highest common divisor of 960 and 1560?
120
Calculate the highest common factor of 408 and 168.
24
What is the highest common divisor of 700 and 105?
35
Calculate the greatest common factor of 119 and 68.
17
Calculate the highest common factor of 32 and 472.
8
What is the greatest common factor of 11 and 55?
11
Calculate the greatest common factor of 288 and 126.
18
Calculate the highest common divisor of 300 and 36.
12
Calculate the greatest common divisor of 37 and 74.
37
Calculate the greatest common factor of 2247 and 112.
7
What is the greatest common factor of 13 and 1261?
13
What is the greatest common divisor of 285 and 741?
57
What is the highest common factor of 108 and 2124?
36
Calculate the highest common factor of 15 and 240.
15
Calculate the greatest common factor of 129 and 36.
3
What is the highest common factor of 336 and 372?
12
Calculate the greatest common factor of 22 and 528.
22
Calculate the highest common divisor of 12 and 8904.
12
What is the highest common factor of 51 and 272?
17
Calculate the highest common divisor of 230 and 46.
46
Calculate the greatest common factor of 855 and 45.
45
Calculate the highest common factor of 4683 and 63.
21
Calculate the highest common factor of 4142 and 76.
38
Calculate the greatest common factor of 50 and 650.
50
What is the highest common divisor of 9407 and 69?
23
What is the greatest common divisor of 980 and 5?
5
What is the highest common factor of 94 and 329?
47
Calculate the greatest common divisor of 25 and 8800.
25
Calculate the greatest common factor of 2125 and 34.
17
Calculate the greatest common divisor of 39 and 429.
39
Calculate the highest common divisor of 4920 and 123.
123
Calculate the greatest common divisor of 781 and 11.
11
Calculate the greatest common factor of 3328 and 104.
104
What is the greatest common divisor of 76 and 4636?
76
What is the greatest common factor of 60 and 420?
60
What is the highest common factor of 48 and 246?
6
What is the highest common divisor of 213 and 6?
3
Calculate the highest common factor of 100 and 1325.
25
What is the highest common factor of 1072 and 16?
16
Calculate the highest common factor of 21886 and 124.
62
Calculate the greatest common factor of 20900 and 19.
19
Calculate the greatest common divisor of 40 and 16.
8
Calculate the greatest common factor of 36 and 48.
12
Calculate the greatest common factor of 84 and 112.
28
What is the greatest common factor of 25 and 6775?
25
Calculate the highest common factor of 35 and 21.
7
Calculate the greatest common divisor of 3576 and 120.
24
What is the greatest common factor of 534 and 42?
6
Calculate the highest common factor of 65 and 143.
13
What is the greatest common factor of 30 and 260?
10
What is the highest common divisor of 34 and 20?
2
Calculate the greatest common divisor of 624 and 48.
48
What is the highest common divisor of 21 and 12?
3
Calculate the highest common divisor of 333 and 1443.
111
Calculate the highest common factor of 116 and 783.
29
Calculate the highest common divisor of 445 and 1424.
89
What is the greatest common factor of 948 and 12?
12
What is the greatest common factor of 13124 and 476?
68
What is the highest common divisor of 8 and 128?
8
What is the highest common factor of 365 and 113515?
365
What is the greatest common factor of 114 and 266?
38
What is the highest common divisor of 222 and 234?
6
What is the greatest common divisor of 3515 and 95?
95
Calculate the highest common factor of 8052 and 264.
132
What is the highest common divisor of 370 and 2?
2
Calculate the highest common factor of 74 and 78.
2
What is the greatest common factor of 23 and 1886?
23
What is the highest common divisor of 406 and 14?
14
What is the greatest common divisor of 28 and 238?
14
Calculate the highest common divisor of 195 and 39.
39
Calculate the greatest common factor of 5371 and 262.
131
What is the greatest common divisor of 6176 and 32?
32
What is the greatest common divisor of 6688 and 288?
32
Calculate the highest common factor of 122 and 183.
61
Calculate the highest common factor of 7070 and 20.
10
What is the greatest common factor of 5842 and 782?
46
What is the highest common divisor of 14 and 203?
7
What is the greatest common divisor of 975 and 5109?
39
What is the highest common factor of 833 and 98?
49
Calculate the greatest common factor of 14 and 12971.
7
Calculate the highest common factor of 344 and 1677.
43
What is the highest common divisor of 6 and 2?
2
Calculate the greatest common divisor of 348 and 12354.
174
What is the highest common divisor of 816 and 96?
48
What is the highest common divisor of 20 and 44?
4
Calculate the highest common factor of 252 and 70.
14
What is the greatest common divisor of 27 and 243?
27
Calculate the greatest common factor of 2628 and 72.
36
Calculate the highest common divisor of 94 and 1363.
47
What is the highest common divisor of 322 and 28?
14
Calculate the greatest common divisor of 1 and 27.
1
What is the highest common divisor of 4773 and 555?
111
Calculate the highest common factor of 23 and 1817.
23
What is the highest common divisor of 50 and 14?
2
Calculate the highest common factor of 2944 and 2560.
128
What is the highest common divisor of 987 and 231?
21
What is the highest common divisor of 28 and 12?
4
Calculate the highest common factor of 1414 and 378.
14
Calculate the highest common factor of 120 and 630.
30
What is the highest common factor of 113 and 13673?
113
Calculate the highest common factor of 12 and 22314.
6
What is the greatest common divisor of 217 and 11129?
31
Calculate the greatest common factor of 25 and 25.
25
Calculate the greatest common divisor of 13 and 11453.
13
Calculate the highest common factor of 1989 and 102.
51
What is the highest common divisor of 183 and 1769?
61
Calculate the highest common divisor of 13 and 104.
13
What is the highest common factor of 164 and 1394?
82
Calculate the greatest common factor of 32 and 232.
8
Calculate the highest common divisor of 328 and 4346.
82
What is the greatest common factor of 3565 and 775?
155
Calculate the highest common divisor of 1475 and 177.
59
Calculate the greatest common divisor of 93 and 341.
31
Calculate the greatest common factor of 5 and 8.
1
What is the highest common factor of 83 and 1660?
83
Calculate the greatest common divisor of 162 and 54.
54
What is the highest common divisor of 48 and 28?
4
What is the highest common factor of 176 and 1072?
16
Calculate the greatest common factor of 782 and 34.
34
Calculate the highest common factor of 1023 and 198.
33
What is the highest common factor of 544 and 1264?
16
Calculate the highest common factor of 72 and 1620.
36
Calculate the greatest common divisor of 22 and 7678.
22
Calculate the greatest common factor of 90 and 990.
90
What is the greatest common factor of 6 and 99?
3
What is the highest common divisor of 574 and 28?
14
Calculate the highest common factor of 64 and 48.
16
What is the highest common divisor of 33 and 803?
11
Calculate the highest common factor of 1 and 1033.
1
What is the highest common factor of 12 and 972?
12
What is the greatest common divisor of 55 and 6358?
11
Calculate the greatest common factor of 177 and 295.
59
What is the greatest common factor of 11 and 4059?
11
What is the highest common factor of 213 and 41109?
213
Calculate the highest common divisor of 58996 and 172.
172
What is the greatest common factor of 128 and 112?
16
Calculate the greatest common factor of 65 and 5.
5
Calculate the greatest common factor of 36 and 18243.
9
What is the greatest common divisor of 378 and 791?
7
What is the greatest common divisor of 2047 and 1127?
23
Calculate the greatest common divisor of 50 and 530.
10
Calculate the greatest common factor of 3 and 57.
3
Calculate the highest common divisor of 350 and 4480.
70
Calculate the greatest common divisor of 30 and 672.
6
What is the greatest common divisor of 3661 and 84?
7
Calculate the highest common factor of 67716 and 209.
209
Calculate the highest common divisor of 12593 and 49.
49
What is the highest common factor of 1104 and 3